hat is the units digit of -2*(-2 - 4/v)?
2
Suppose 60 = 5*t - 490. What is the tens digit of t?
1
Suppose -8*q + 10*q + 4*b - 4698 = 0, -16 = -4*b. What is the thousands digit of q?
2
What is the thousands digit of (-1 + -24)*(1506/(-10))/3?
1
Let m(t) be the first derivative of 2*t**3/3 + 9*t**2/2 + 18*t + 6. What is the tens digit of m(-8)?
7
Suppose 0 = -5*m - 3*x - 11, -m + 4*x + 6 + 1 = 0. Let y = 1 - m. Suppose 0 = j + y*a - 3*a - 27, -2*j - 4*a + 48 = 0. What is the tens digit of j?
2
Suppose 258 = 4*v - r, 2*v - r - 2*r = 134. Let c = v + -42. What is the units digit of c?
2
Let v = -446 + 304. Let p = -91 - v. What is the units digit of p?
1
Let g(y) = 6*y. Let v be g(-2). Let h = 19 - v. Let r = h + 1. What is the tens digit of r?
3
Suppose 0*i - i + 3*j + 4 = 0, -j = 0. Suppose -572 = -i*c + 16. What is the units digit of c?
7
Suppose -4*q - 2*s = s - 10, 0 = -q + 5*s + 14. Let k be 2/4 - q/(-8). What is the units digit of (6/(-2))/(0 - k)?
3
Suppose -13536 = 19*y - 39756. What is the tens digit of y?
8
Suppose -13*r - 17518 = -32*r. What is the units digit of r?
2
Suppose -69*i + i = -42160. What is the tens digit of i?
2
Let v(q) be the third derivative of -q**4/6 - 5*q**3/6 - q**2. Suppose 5*i - l = -32, -i + 5*i - 2*l + 22 = 0. What is the units digit of v(i)?
3
Suppose 4*m - 16753 = -0*m - 3*p, -2*m = -4*p - 8382. What is the units digit of m?
9
Let k(h) = h + 4. Let r be k(4). Suppose -i = -0*i - r. What is the units digit of i?
8
Let f = -281 + 428. What is the tens digit of f?
4
Suppose -a + 8 = 3*a. Suppose -a*b = -6 - 2. Suppose -96 = -b*c + 128. What is the tens digit of c?
5
Let o(l) = 20*l**2 - 10*l + 20. What is the tens digit of o(-10)?
2
Let p(n) be the first derivative of n**3/3 - 3*n**2/2 + 2*n - 11. What is the units digit of p(-6)?
6
Suppose -6*k - 12 = -8*k. What is the hundreds digit of (-2)/(-3)*-3 - (-1122)/k?
1
Let i be (2/1)/((-8)/(-176)). Suppose -4*o - 20 + i = 0. Suppose -o*x + 168 = x. What is the units digit of x?
4
Let b(h) = 2784*h**2. Let t(z) = -z**2. Let j(p) = -b(p) - 3712*t(p). Let c be j(1). What is the units digit of c/14 + (-8)/28?
6
Suppose 3453 = 3*w - 5*b, -4*w + 4*b + 4612 = -0*w. What is the hundreds digit of w?
1
Suppose -5*d = -0*d - 15. Suppose -d*t = -5*a + 221, -a - 4*t + 18 + 40 = 0. What is the tens digit of a?
4
What is the units digit of (2 - (2 + 2))*18986/(-44)?
3
What is the hundreds digit of 4/(-34) - (-66120)/493?
1
Let t(y) be the second derivative of 8*y**4/3 + y**3/6 + 8*y. Let k be t(1). Let j = 13 + k. What is the units digit of j?
6
Let s(q) = -7 - q + 14 + 4. Let f be s(-5). Let t = 52 - f. What is the tens digit of t?
3
Suppose 147608 = -65*w + 428798. What is the units digit of w?
6
Let i = 5430 + -3357. What is the thousands digit of i?
2
Let i be 7/((-3)/(-3)) - -1. Let w be ((-45)/(-10))/((-1)/i). What is the units digit of -16*(-3 - w/16)?
2
Let a(t) = -14*t - 5. Let u be a(-9). Suppose 4*f + 33 - u = 0. Let b = -8 + f. What is the tens digit of b?
1
What is the units digit of 654/8 - (-11 + 430/40)?
2
What is the hundreds digit of (-4572)/(-14) - (-444)/(-777)?
3
Let s = -15 - -15. Suppose -5*w = -s + 10. What is the tens digit of 3/((-6)/10)*w?
1
Let x = -47 + 390. What is the tens digit of x?
4
Suppose 5 = -7*t + 6*t, -2*t + 1836 = q. What is the units digit of q?
6
Suppose -2*f = -6*f. Suppose f = -0*m - 4*m + 48. Let i = m - 4. What is the units digit of i?
8
Let l(p) = -6*p - 14. Let f = -35 + 11. What is the units digit of l(f)?
0
Let s = 12 - -720. What is the units digit of s?
2
What is the hundreds digit of 23/69*(-33984)/(-4)?
8
Suppose -9*y + 12222 = 603. What is the thousands digit of y?
1
Let c = -2 - -2. Let s be (0 - c) + 12/12. Suppose -2 = -j - s. What is the units digit of j?
1
Let q = 3 + -3. Let d(h) = -3*h + q*h - 8*h. What is the units digit of d(-3)?
3
Let n = 520 + -294. Suppose -2*l = l + 4*i + 173, 4*l + 3*i = -n. Let u = 100 + l. What is the tens digit of u?
4
What is the thousands digit of (-8)/10*(-10470)/4 - 2?
2
Let a(k) = -k**2 + 5*k. Let u be a(4). Suppose 5*p + 0*x + 39 = -4*x, 0 = u*p - 3*x + 25. Let z = p + 9. What is the units digit of z?
2
Suppose -5*n - 56 = 54. Suppose 0 = u - 7 + 52. Let i = n - u. What is the tens digit of i?
2
Suppose -7*f + 6*f - 3388 = -3*u, 1136 = u + 3*f. What is the units digit of u?
0
Let w(r) = -r**3 - 18*r**2 + r + 21. Let g be w(-18). Suppose g*z - 4*z + s = -121, 3*s + 244 = 2*z. What is the tens digit of z?
1
Let d(p) = -33*p + 11. Let v be d(8). Let y = v + 444. What is the tens digit of y?
9
Suppose -55*y + 54*y = 28. Let s = 35 + y. What is the units digit of s?
7
Let c(r) = 4*r**2 + r + 1. Let q be c(-1). Suppose 4*z = 5*t - 79, -2*z + 82 = 5*t - 21. Let l = t - q. What is the units digit of l?
5
Suppose -94*u + 16*u = -42354. What is the units digit of u?
3
Let d be 2 + -3 + 4 - 9. Let t = -6 - d. Suppose t = s + 5*m + 22 - 78, -82 = -2*s - 4*m. What is the units digit of s?
1
Let s(l) be the second derivative of -l**5/20 + 7*l**4/12 + 4*l**3/3 - 5*l**2 + 25*l. What is the tens digit of s(6)?
7
Suppose -5*d - 123 = -8088. What is the hundreds digit of d?
5
Suppose -16*n - 2*r = -15*n + 2, -4*n = 2*r + 14. Let x(h) = -4*h + 4*h**2 - h - 3 + h**3 - 3. What is the tens digit of x(n)?
1
Let v(o) = 4*o**2 + 3*o. Let s(j) = -3*j**2 + 12*j**2 + 2*j**2 + 8*j. Let z(f) = 3*s(f) - 8*v(f). What is the tens digit of z(-5)?
2
Let d(a) = a**2 - 7*a + 3. Let b be d(7). Suppose 0*l - 4*l = 12, 2*l + 45 = b*i. What is the units digit of i?
3
Let v be (5/(-10))/((-3)/24). Suppose -11*c + 9*c = -v. Suppose -c*l + 5*l = 108. What is the units digit of l?
6
Let m be 2/6 + (-42)/(-9). Suppose -56 = -m*g + 34. What is the tens digit of g?
1
Let q(n) be the third derivative of 11*n**4/24 - 5*n**3/3 + n**2. Let y be (-32)/(-28)*14/4. What is the units digit of q(y)?
4
Let c be (-1)/(-1)*(16 + -5). Suppose -5*q = 3*a - 486, -c*q + 7*q = -4*a + 616. What is the units digit of a?
7
Let p be (-8)/28 + (-58)/(-7). Let t be (p/12)/(2/15). Suppose 5*s + 4*w = 124 + 161, t*w = -25. What is the tens digit of s?
6
Let o = 20 + -16. Let b(g) = 23*g + 6 - o - 2. What is the tens digit of b(1)?
2
Suppose -2*s + 2 + 108 = 0. Suppose -s = -3*m + 257. What is the hundreds digit of m?
1
Let j(a) = -a + 5. Let w = -1 + -4. Let h be j(w). What is the units digit of ((-4)/h)/((-4)/60)?
6
What is the units digit of 21*(-1)/(-3) + -6 + 370?
1
Let v(x) = x**3 - 3*x**2 - 4*x + 4. Let b be v(3). Let h(d) = d**2 - 5*d + 13. What is the hundreds digit of h(b)?
1
Let h(c) be the second derivative of -5*c**3/2 - 10*c**2 + 26*c. What is the hundreds digit of h(-10)?
1
Let q(w) = w**2 - 11*w - 13. Let y be q(11). Let i = y - -55. What is the units digit of i?
2
What is the tens digit of (9 - (1 + 2))*285?
1
Let n(r) = -r**3 - 2*r**2 + 2. Let t be n(-2). Let c be (-30)/(-1) - (t - 0). Suppose -u + 14 = -2*v, -2*u - v - 2*v + c = 0. What is the tens digit of u?
1
What is the hundreds digit of (-4598)/(-10) + 9/(2 - -43)?
4
Suppose 2286 + 847 = 13*x. What is the hundreds digit of x?
2
Let x(v) = 419*v**2 + 27*v - 78. What is the thousands digit of x(3)?
3
What is the hundreds digit of ((-8)/(-5))/((-28)/(-8400))?
4
What is the tens digit of 27/(1890/50500) + 6/(-14)?
2
Let y = -1465 + 1480. What is the units digit of y?
5
Suppose 0 = 2*p - 5 - 3. Suppose 0*d + 16 = q + 2*d, 3*q - 58 = p*d. Let r = -6 + q. What is the tens digit of r?
1
Let q(j) = -j**3 - 4*j**2 + 6*j + 4. Let l be q(-5). Let y be l/(-2) + (-2)/4. What is the units digit of 2/(-10)*y - -5?
5
Let l be 351/65 - (-4)/(-10). Suppose -52 = -l*a + 28. What is the units digit of a?
6
Let c be -1*-2*(3 - 1). Suppose -c*j = -2*j - 6. What is the units digit of (4 - 38/j)*-6?
2
Let z(a) = 685*a**2 - 164*a - 6. What is the tens digit of z(3)?
6
Let b(h) = -h**3 - 5*h**2 + 6*h + 3. Suppose 3*l + 6 = -12. Let p be b(l). Suppose f = -3, p*g - f = 1 + 8. What is the units digit of g?
2
What is the tens digit of 33 + -25 - -1*3713?
2
Let u be 2 + 97 + (-4 - -4). Let r = u - 64. What is the tens digit of r?
3
Let o = -28 - -18. Let d = o - -25. Suppose 3*j = 2*c - 5, 4*c - 5*c = j - d. What is the tens digit of c?
1
Suppose 5*s = -4*h + 27, -2*s - 2*s = -h - 9. Suppose -2*i - 2*m - s*m = -